6745?
7
What is the hundreds digit of 272221?
2
What is the ten millions digit of 49523791?
4
What is the thousands digit of 1726216966?
6
What is the hundreds digit of 1293037672?
6
What is the ten thousands digit of 2599014132?
1
What is the hundred millions digit of 104541295?
1
What is the ten thousands digit of 33617532?
1
What is the thousands digit of 597120191?
0
What is the tens digit of 135339601?
0
What is the units digit of 808109622?
2
What is the hundreds digit of 38275736?
7
What is the units digit of 352194453?
3
What is the units digit of 2607186710?
0
What is the thousands digit of 568348469?
8
What is the tens digit of 296153877?
7
What is the hundreds digit of 1671272647?
6
What is the hundred thousands digit of 1835938185?
9
What is the hundred thousands digit of 579691367?
6
What is the hundreds digit of 59935804?
8
What is the hundreds digit of 782150247?
2
What is the units digit of 338717321?
1
What is the thousands digit of 501698250?
8
What is the ten thousands digit of 81434039?
3
What is the tens digit of 261320136?
3
What is the ten thousands digit of 9908480?
0
What is the hundreds digit of 477780215?
2
What is the units digit of 25905973?
3
What is the hundred thousands digit of 164363149?
3
What is the millions digit of 288420337?
8
What is the hundred thousands digit of 7741159864?
1
What is the ten thousands digit of 93523599?
2
What is the thousands digit of 113404694?
4
What is the millions digit of 14306019?
4
What is the hundred millions digit of 475103797?
4
What is the ten thousands digit of 33342717?
4
What is the ten thousands digit of 102447906?
4
What is the tens digit of 2431897?
9
What is the hundreds digit of 691615836?
8
What is the hundreds digit of 601521384?
3
What is the tens digit of 125798745?
4
What is the ten millions digit of 1448148699?
4
What is the ten millions digit of 7262368719?
6
What is the ten thousands digit of 244145406?
4
What is the hundreds digit of 3729525231?
2
What is the millions digit of 3478971663?
8
What is the hundred thousands digit of 76619999?
6
What is the ten thousands digit of 2509967233?
6
What is the ten thousands digit of 29794599?
9
What is the units digit of 336182792?
2
What is the ten thousands digit of 18916478?
1
What is the hundred thousands digit of 83527911?
5
What is the ten millions digit of 38228280?
3
What is the units digit of 161360312?
2
What is the thousands digit of 777909429?
9
What is the tens digit of 2218293087?
8
What is the tens digit of 162687990?
9
What is the hundreds digit of 2073552694?
6
What is the hundreds digit of 27551950?
9
What is the ten thousands digit of 607282737?
8
What is the ten thousands digit of 6918336?
1
What is the ten millions digit of 658908417?
5
What is the ten thousands digit of 667421872?
2
What is the ten thousands digit of 617670146?
7
What is the ten thousands digit of 719379838?
7
What is the units digit of 120240013?
3
What is the thousands digit of 220919854?
9
What is the millions digit of 89968515?
9
What is the tens digit of 8606541?
4
What is the tens digit of 599919799?
9
What is the ten thousands digit of 2742183218?
8
What is the tens digit of 49952484?
8
What is the billions digit of 4982705325?
4
What is the millions digit of 4058272009?
8
What is the thousands digit of 4536561?
6
What is the units digit of 323688138?
8
What is the ten thousands digit of 3972233?
7
What is the hundred millions digit of 3684190018?
6
What is the tens digit of 32526251?
5
What is the ten millions digit of 40963896?
4
What is the hundred thousands digit of 3146899713?
8
What is the ten thousands digit of 1919658698?
5
What is the units digit of 1428676781?
1
What is the tens digit of 59875475?
7
What is the tens digit of 32893668?
6
What is the thousands digit of 9934522?
4
What is the units digit of 68143074?
4
What is the tens digit of 33854431?
3
What is the tens digit of 1020365375?
7
What is the hundred millions digit of 4030847716?
0
What is the millions digit of 2049427109?
9
What is the millions digit of 773678607?
3
What is the thousands digit of 25091673?
1
What is the hundred thousands digit of 197703079?
7
What is the millions digit of 130927069?
0
What is the thousands digit of 6103840558?
0
What is the ten millions digit of 111670694?
1
What is the units digit of 168461215?
5
What is the ten thousands digit of 17963796?
6
What is the units digit of 57685405?
5
What is the tens digit of 277360302?
0
What is the hundred thousands digit of 35395482?
3
What is the hundred thousands digit of 50434468?
4
What is the millions digit of 3616559821?
6
What is the ten thousands digit of 3995126563?
2
What is the millions digit of 33216292?
3
What is the tens digit of 2577955767?
6
What is the millions digit of 1927616440?
7
What is the hundred thousands digit of 1489300971?
3
What is the ten millions digit of 26150614?
2
What is the millions digit of 1949493960?
9
What is the units digit of 1574355006?
6
What is the hundred millions digit of 1586817321?
5
What is the hundred thousands digit of 105395081?
3
What is the hundred millions digit of 122540023?
1
What is the tens digit of 520042020?
2
What is the hundred thousands digit of 314103041?
1
What is the ten thousands digit of 469972235?
7
What is the thousands digit of 103305672?
5
What is the ten millions digit of 48200103?
4
What is the hundred thousands digit of 599622745?
6
What is the units digit of 210064340?
0
What is the millions digit of 534925554?
4
What is the ten thousands digit of 28288811?
8
What is the tens digit of 246410701?
0
What is the ten millions digit of 53943789?
5
What is the ten millions digit of 596066914?
9
What is the hundred millions digit of 258390521?
2
What is the hundreds digit of 159901143?
1
What is the ten thousands digit of 102062921?
6
What is the units digit of 432265635?
5
What is the tens digit of 1428594454?
5
What is the hundreds digit of 1935806506?
5
What is the ten millions digit of 31209852?
3
What is the thousands digit of 5947280272?
0
What is the tens digit of 44416045?
4
What is the hundreds digit of 505476016?
0
What is the thousands digit of 153522189?
2
What is the hundred thousands digit of 305546973?
5
What is the hundreds digit of 105343717?
7
What is the ten thousands digit of 383093511?
9
What is the ten thousands digit of 1952094243?
9
What is the hundred millions digit of 168003696?
1
What is the hundred thousands digit of 621347183?
3
What is the units digit of 680631646?
6
What is the ten thousands digit of 1038681754?
8
What is the ten thousands digit of 453533725?
3
What is the ten millions digit of 1012437023?
1
What is the tens digit of 87427130?
3
What is the tens digit of 132278515?
1
What is the millions digit of 9475361?
9
What is the hundreds digit of 4733025?
0
What is the hundreds digit of 238610739?
7
What is the thousands digit of 458288581?
8
What is the billions digit of 3106585781?
3
What is the thousands digit of 1981588784?
8
What is the units digit of 452187963?
3
What is the units digit of 1291449003?
3
What is the units digit of 237794320?
0
What is the hundreds digit of 336901759?
7
What is the thousands digit of 559056910?
6
What is the tens digit of 665855188?
8
What is the thousands digit of 48133864?
3
What is the ten millions digit of 112708829?
1
What is the hundreds digit of 506187820?
8
What is the millions digit of 753875989?
3
What is the thousands digit of 326488725?
8
What is the millions digit of 630885403?
0
What is the ten thousands digit of 38137180?
3
What is the ten thousands digit of 6068895?
6
What is the ten millions digit of 24943108?
2
What is the hundred millions digit of 1897354775?
8
What is the tens digit of 47638624?
2
What is the thousands digit of 1464852314?
2
What is the millions digit of 70731824?
0
What is the tens digit of 252806808?
0
What is the ten millions digit of 2091735484?
9
What is the billions digit of 4760783904?
4
What is the thousands digit of 1528950674?
0
What is the tens digit of 195954753?
5
What is the tens digit of 1301108604?
0
What is the hundred thousands digit of 642908008?
9
What is the tens digit of 154291927?
2
What is the thousands digit of 93537476?
7
What is the ten millions digit of 367176925?
6
Wh